{"id":7120,"date":"2020-05-30T11:22:56","date_gmt":"2020-05-30T08:22:56","guid":{"rendered":"http:\/\/atakalibrasyon.com.tr\/?post_type=product&#038;p=7120"},"modified":"2020-05-30T11:24:20","modified_gmt":"2020-05-30T08:24:20","slug":"lqb-alcohol-alkol-banyosu","status":"publish","type":"product","link":"http:\/\/atakalibrasyon.com.tr\/index.php\/urun\/lqb-alcohol-alkol-banyosu\/","title":{"rendered":"LQB ALCOHOL, Alkol Banyosu"},"content":{"rendered":"<table border=\"0\" cellspacing=\"0\" cellpadding=\"4\">\n<tbody>\n<tr>\n<td colspan=\"2\"><strong>\u00dcr\u00fcn \u00d6zellikleri<\/strong><\/td>\n<\/tr>\n<tr bgcolor=\"#ededed\">\n<td>S\u0131cakl\u0131k Ayar Aral\u0131\u011f\u0131<\/td>\n<td>-30 \u00b0 C &#8230; +90 \u00b0 C<\/td>\n<\/tr>\n<tr bgcolor=\"#ffffff\">\n<td>Stabilizasyon<\/td>\n<td>\u00b1 0.03\u00b0C<\/td>\n<\/tr>\n<tr bgcolor=\"#ededed\">\n<td>Kararl\u0131l\u0131k<\/td>\n<td>0,05\u00baC<\/td>\n<\/tr>\n<tr bgcolor=\"#ffffff\">\n<td>Homojenlik<\/td>\n<td>\u00b1 0.5 maksimum. (Standart Dengeleme Blo\u011fu)<\/td>\n<\/tr>\n<tr bgcolor=\"#ededed\">\n<td>\u00c7\u00f6z\u00fcn\u00fck kontroler<\/td>\n<td>0.1\u00baC<\/td>\n<\/tr>\n<tr bgcolor=\"#ffffff\">\n<td>Referans Termometre \u00c7\u00f6z\u00fcn\u00fcrl\u00fc\u011f\u00fc<\/td>\n<td>0.1\u00baC<\/td>\n<\/tr>\n<tr bgcolor=\"#ededed\">\n<td>Tekrarlanabilirlik<\/td>\n<td>\u00a0&#8211;<\/td>\n<\/tr>\n<tr bgcolor=\"#ffffff\">\n<td>Referans Sens\u00f6r PRT<\/td>\n<td>\u00a0&#8211;<\/td>\n<\/tr>\n<tr bgcolor=\"#ededed\">\n<td>Banyo derinli\u011fi<\/td>\n<td>15 cm<\/td>\n<\/tr>\n<tr bgcolor=\"#ffffff\">\n<td>Tank s\u0131v\u0131 kapasitesi<\/td>\n<td>\u00a06 Litre<\/td>\n<\/tr>\n<tr bgcolor=\"#ededed\">\n<td>Kalibrasyon<\/td>\n<td>Opsiyonel<\/td>\n<\/tr>\n<tr bgcolor=\"#ffffff\">\n<td>Dengeleme Blo\u011fu<\/td>\n<td>\u00a0&#8211;<\/td>\n<\/tr>\n<tr bgcolor=\"#ededed\">\n<td>Besleme<\/td>\n<td>220V 50\/60Hz, 230<\/td>\n<\/tr>\n<tr bgcolor=\"#ffffff\">\n<td>A\u011f\u0131rl\u0131k<\/td>\n<td>32 kg<\/td>\n<\/tr>\n<tr bgcolor=\"#ededed\">\n<td>Aksesuar<\/td>\n<td>Besleme kablosu,Standart Referans PRT Sens\u00f6r\u00a0 ( -40 \/ + 400\u00b0C kullan\u0131n alan\u0131 ),Standart Referans Dijital Termometre<\/td>\n<\/tr>\n<\/tbody>\n<\/table>\n","protected":false},"excerpt":{"rendered":"<p>\u00dcr\u00fcn \u00d6zellikleri S\u0131cakl\u0131k Ayar Aral\u0131\u011f\u0131 -30 \u00b0 C &#8230; +90 \u00b0 C Stabilizasyon \u00b1 0.03\u00b0C&#8230;<\/p>\n","protected":false},"featured_media":7121,"comment_status":"open","ping_status":"closed","template":"","meta":[],"product_cat":[101,102],"product_tag":[103,104],"_links":{"self":[{"href":"http:\/\/atakalibrasyon.com.tr\/index.php\/wp-json\/wp\/v2\/product\/7120"}],"collection":[{"href":"http:\/\/atakalibrasyon.com.tr\/index.php\/wp-json\/wp\/v2\/product"}],"about":[{"href":"http:\/\/atakalibrasyon.com.tr\/index.php\/wp-json\/wp\/v2\/types\/product"}],"replies":[{"embeddable":true,"href":"http:\/\/atakalibrasyon.com.tr\/index.php\/wp-json\/wp\/v2\/comments?post=7120"}],"wp:featuredmedia":[{"embeddable":true,"href":"http:\/\/atakalibrasyon.com.tr\/index.php\/wp-json\/wp\/v2\/media\/7121"}],"wp:attachment":[{"href":"http:\/\/atakalibrasyon.com.tr\/index.php\/wp-json\/wp\/v2\/media?parent=7120"}],"wp:term":[{"taxonomy":"product_cat","embeddable":true,"href":"http:\/\/atakalibrasyon.com.tr\/index.php\/wp-json\/wp\/v2\/product_cat?post=7120"},{"taxonomy":"product_tag","embeddable":true,"href":"http:\/\/atakalibrasyon.com.tr\/index.php\/wp-json\/wp\/v2\/product_tag?post=7120"}],"curies":[{"name":"wp","href":"https:\/\/api.w.org\/{rel}","templated":true}]}}