{"id":7078,"date":"2020-05-30T10:13:57","date_gmt":"2020-05-30T07:13:57","guid":{"rendered":"http:\/\/atakalibrasyon.com.tr\/?page_id=7078"},"modified":"2020-05-30T10:13:57","modified_gmt":"2020-05-30T07:13:57","slug":"basinc-kalibrasyon-egitimi","status":"publish","type":"page","link":"http:\/\/atakalibrasyon.com.tr\/index.php\/basinc-kalibrasyon-egitimi\/","title":{"rendered":"Bas\u0131n\u00e7 kalibrasyon E\u011fitimi"},"content":{"rendered":"<p>[vc_row][vc_column][vc_column_text]Manometre Vakummetre Kalibrasyonu Uzmanl\u0131k E\u011fitimi<\/p>\n<p><strong>E\u011fitimin Amac\u0131<\/strong><\/p>\n<p>Manometre, Vakummetre kalibrasyonlar\u0131n\u0131n yap\u0131lmas\u0131 ve sonu\u00e7lar\u0131n kalibrasyon belirsizlikleri ile birlikte d\u00f6k\u00fcmante edilmesi amac\u0131 ile kat\u0131l\u0131mc\u0131lar\u0131 Manometre kalibrasyonlar\u0131 konusunda bilgilendirmeyi ama\u00e7layan uygulamal\u0131 bir e\u011fitimdir.<\/p>\n<p><strong>E\u011fitim S\u00fcresi<\/strong><\/p>\n<p>1 g\u00fcn<\/p>\n<p><strong>Kat\u0131l\u0131mc\u0131lar<\/strong><\/p>\n<p>Pozitif ve Negatif bas\u0131n\u00e7 \u00f6l\u00e7erlerin kalibrasyonlar\u0131n\u0131n yap\u0131lmas\u0131 ,sonu\u00e7lar\u0131n d\u00f6k\u00fcmante edilmesi, kalibrasyon belirsizliklerinin hesaplanmas\u0131 ve bu konuda uygulamaya y\u00f6nelik prosed\u00fcr ve talimatlar\u0131n haz\u0131rlanmas\u0131 a\u00e7\u0131s\u0131ndan bilgiye ihtiya\u00e7 duyan ve bu alanda g\u00f6rev alacak olan kat\u0131l\u0131mc\u0131lara y\u00f6nelik olarak tasarlanm\u0131\u015ft\u0131r.<\/p>\n<p><strong>Gerekli \u00d6n Bilgiler<\/strong><\/p>\n<p>T\u00fcm uygulamal\u0131 kalibrasyon uzmanl\u0131k e\u011fitimlerinde oldu\u011fu gibi bu e\u011fitim i\u00e7in de kat\u0131l\u0131mc\u0131lar\u0131n genel olarak kalibrasyon, izlenebilirlik, kalibrasyon d\u00f6k\u00fcmantasyon sistemi, \u00f6l\u00e7\u00fcm belirsizlikleri gibi konularda fikir sahibi olmalar\u0131 e\u011fitimin kolay kavranabilmesi a\u00e7\u0131s\u0131ndan \u00f6nem ta\u015f\u0131maktad\u0131r.<\/p>\n<p><strong>E\u011fitim Gere\u00e7leri<\/strong><\/p>\n<p>T\u00fcm uygulamal\u0131 kalibrasyon uzmanl\u0131k e\u011fitimlerinde oldu\u011fu gibi bu e\u011fitim i\u00e7in de kat\u0131l\u0131mc\u0131lar\u0131n e\u011fitimde kullanmak \u00fczere bir hesap makinas\u0131 getirmeleri gerekmektedir.<\/p>\n<p><strong>Kat\u0131l\u0131mc\u0131 Say\u0131s\u0131<\/strong><\/p>\n<p>Uygulamal\u0131 e\u011fitimlerde e\u011fitimin verimlili\u011fi a\u00e7\u0131s\u0131ndan kat\u0131l\u0131mc\u0131 says\u0131n\u0131n max. 6 ki\u015fiyi ge\u00e7memesi \u00f6nerilmektedir<\/p>\n<p><strong>Belgeler<\/strong><\/p>\n<p>E\u011fitim sonunda yap\u0131lacak olan yaz\u0131l\u0131 s\u0131nav sonu\u00e7lar\u0131na g\u00f6re, s\u0131navda ba\u015far\u0131 g\u00f6steren kat\u0131l\u0131mc\u0131lara \u201cBa\u015far\u0131 Sertifikas\u0131\u201d, di\u011fer kat\u0131l\u0131mc\u0131lara ise \u201cKat\u0131l\u0131mc\u0131 Sertifikas\u0131\u201d d\u00fczenlenir.<\/p>\n<p><strong>E\u011fitmenler<\/strong><\/p>\n<p>Kalibrasyon E\u011fitimleri, e\u011fitmenlik ge\u00e7mi\u015flerinin yan\u0131 s\u0131ra, kalibrasyon sistemlerinin kurulmas\u0131, i\u015fletilmesi ve kalibrasyonlar\u0131n yap\u0131lmas\u0131 konular\u0131nda en az \u00fc\u00e7 senelik ge\u00e7mi\u015fe sahip olup, kalibrasyon sistemlerinin kalite y\u00f6netim sistemleri gereksinimleri ile uyum i\u00e7inde kurulabilmesi, i\u015fletilebilmesi ve denetlenebilmesi konular\u0131nda bilgi ve tecr\u00fcbeye sahip uzmanlar\u0131m\u0131z taraf\u0131ndan verilirler.[\/vc_column_text][\/vc_column][\/vc_row]<\/p>\n","protected":false},"excerpt":{"rendered":"<p>[vc_row][vc_column][vc_column_text]Manometre Vakummetre Kalibrasyonu Uzmanl\u0131k E\u011fitimi E\u011fitimin Amac\u0131 Manometre, Vakummetre kalibrasyonlar\u0131n\u0131n yap\u0131lmas\u0131 ve sonu\u00e7lar\u0131n kalibrasyon belirsizlikleri&#8230;<\/p>\n","protected":false},"author":1,"featured_media":0,"parent":0,"menu_order":0,"comment_status":"closed","ping_status":"closed","template":"","meta":[],"_links":{"self":[{"href":"http:\/\/atakalibrasyon.com.tr\/index.php\/wp-json\/wp\/v2\/pages\/7078"}],"collection":[{"href":"http:\/\/atakalibrasyon.com.tr\/index.php\/wp-json\/wp\/v2\/pages"}],"about":[{"href":"http:\/\/atakalibrasyon.com.tr\/index.php\/wp-json\/wp\/v2\/types\/page"}],"author":[{"embeddable":true,"href":"http:\/\/atakalibrasyon.com.tr\/index.php\/wp-json\/wp\/v2\/users\/1"}],"replies":[{"embeddable":true,"href":"http:\/\/atakalibrasyon.com.tr\/index.php\/wp-json\/wp\/v2\/comments?post=7078"}],"version-history":[{"count":1,"href":"http:\/\/atakalibrasyon.com.tr\/index.php\/wp-json\/wp\/v2\/pages\/7078\/revisions"}],"predecessor-version":[{"id":7079,"href":"http:\/\/atakalibrasyon.com.tr\/index.php\/wp-json\/wp\/v2\/pages\/7078\/revisions\/7079"}],"wp:attachment":[{"href":"http:\/\/atakalibrasyon.com.tr\/index.php\/wp-json\/wp\/v2\/media?parent=7078"}],"curies":[{"name":"wp","href":"https:\/\/api.w.org\/{rel}","templated":true}]}}